of 71283244?
7
What is the millions digit of 218631247?
8
What is the thousands digit of 1255001376?
1
What is the millions digit of 131789679?
1
What is the units digit of 3170082134?
4
What is the billions digit of 1013763566?
1
What is the billions digit of 2201131861?
2
What is the ten thousands digit of 802831489?
3
What is the ten millions digit of 53164891?
5
What is the units digit of 488962775?
5
What is the millions digit of 1164358353?
4
What is the ten thousands digit of 32700634?
0
What is the units digit of 6656313399?
9
What is the ten thousands digit of 7526919?
2
What is the ten millions digit of 2286536894?
8
What is the units digit of 75299859?
9
What is the thousands digit of 126626364?
6
What is the units digit of 33056750?
0
What is the hundreds digit of 46651313?
3
What is the thousands digit of 490163870?
3
What is the hundreds digit of 4449782?
7
What is the tens digit of 48136012?
1
What is the hundred thousands digit of 15836437?
8
What is the hundred millions digit of 7362023449?
3
What is the millions digit of 898174279?
8
What is the tens digit of 273120117?
1
What is the billions digit of 1309213889?
1
What is the hundred thousands digit of 121672006?
6
What is the units digit of 28882317?
7
What is the tens digit of 41294913?
1
What is the thousands digit of 16060571?
0
What is the hundreds digit of 40438816?
8
What is the millions digit of 180402063?
0
What is the units digit of 329506938?
8
What is the hundreds digit of 915620047?
0
What is the tens digit of 94722697?
9
What is the units digit of 5134354930?
0
What is the tens digit of 100282623?
2
What is the thousands digit of 1894353951?
3
What is the thousands digit of 782752979?
2
What is the ten millions digit of 431974583?
3
What is the ten millions digit of 18455995?
1
What is the thousands digit of 22247011?
7
What is the hundreds digit of 88843182?
1
What is the tens digit of 72572325?
2
What is the millions digit of 41361595?
1
What is the hundred thousands digit of 7426356299?
3
What is the ten thousands digit of 797033544?
3
What is the thousands digit of 325774584?
4
What is the millions digit of 37775453?
7
What is the units digit of 33652472?
2
What is the hundred thousands digit of 1253284756?
2
What is the millions digit of 43278900?
3
What is the hundreds digit of 21744346?
3
What is the thousands digit of 405877616?
7
What is the tens digit of 237166290?
9
What is the hundreds digit of 997092001?
0
What is the tens digit of 590578157?
5
What is the thousands digit of 772552657?
2
What is the tens digit of 36330260?
6
What is the billions digit of 2836846097?
2
What is the hundred thousands digit of 1296147830?
1
What is the thousands digit of 7142212?
2
What is the units digit of 180606495?
5
What is the units digit of 2592078354?
4
What is the hundred thousands digit of 641567?
6
What is the millions digit of 215431413?
5
What is the millions digit of 918364819?
8
What is the units digit of 2003856436?
6
What is the ten millions digit of 44157113?
4
What is the tens digit of 94113959?
5
What is the millions digit of 844894963?
4
What is the millions digit of 11049220?
1
What is the hundred millions digit of 519828845?
5
What is the ten millions digit of 40766184?
4
What is the tens digit of 31013377?
7
What is the ten thousands digit of 8100820?
0
What is the ten millions digit of 10273576?
1
What is the thousands digit of 620969157?
9
What is the tens digit of 2826053089?
8
What is the millions digit of 29371482?
9
What is the millions digit of 4953364?
4
What is the ten thousands digit of 1035050234?
5
What is the hundreds digit of 225228412?
4
What is the tens digit of 93080080?
8
What is the thousands digit of 414895957?
5
What is the thousands digit of 41463879?
3
What is the hundred thousands digit of 1433992281?
9
What is the tens digit of 155951225?
2
What is the thousands digit of 1709092532?
2
What is the hundred thousands digit of 265924612?
9
What is the millions digit of 33887974?
3
What is the hundred thousands digit of 102591396?
5
What is the thousands digit of 236546303?
6
What is the hundred thousands digit of 850030700?
0
What is the hundreds digit of 8983150?
1
What is the ten millions digit of 95713991?
9
What is the billions digit of 1245727478?
1
What is the hundred millions digit of 334347001?
3
What is the units digit of 2671914055?
5
What is the hundred millions digit of 2649179328?
6
What is the billions digit of 2969717894?
2
What is the tens digit of 435412471?
7
What is the thousands digit of 2508819539?
9
What is the hundred thousands digit of 37272175?
2
What is the millions digit of 57514016?
7
What is the ten millions digit of 2189514315?
8
What is the hundreds digit of 52435164?
1
What is the hundreds digit of 761448?
4
What is the units digit of 31906343?
3
What is the ten thousands digit of 173455750?
5
What is the millions digit of 1697998791?
7
What is the ten millions digit of 194912722?
9
What is the thousands digit of 93665687?
5
What is the hundred millions digit of 122513737?
1
What is the units digit of 69924483?
3
What is the millions digit of 90089301?
0
What is the thousands digit of 187189336?
9
What is the ten thousands digit of 1211114958?
1
What is the ten millions digit of 1340202771?
4
What is the tens digit of 455778689?
8
What is the millions digit of 314326344?
4
What is the hundreds digit of 88297586?
5
What is the ten millions digit of 1943373422?
4
What is the ten millions digit of 164750672?
6
What is the millions digit of 1094283408?
4
What is the hundreds digit of 25476656?
6
What is the ten millions digit of 182246327?
8
What is the millions digit of 97586615?
7
What is the ten millions digit of 452818737?
5
What is the ten millions digit of 222421914?
2
What is the ten thousands digit of 69373675?
7
What is the units digit of 1116481195?
5
What is the units digit of 53225069?
9
What is the hundreds digit of 107431497?
4
What is the ten thousands digit of 100361398?
6
What is the units digit of 171162397?
7
What is the billions digit of 2301323724?
2
What is the thousands digit of 353620559?
0
What is the hundred thousands digit of 786998179?
9
What is the hundred millions digit of 265441548?
2
What is the tens digit of 67609598?
9
What is the hundreds digit of 225411167?
1
What is the ten millions digit of 77223078?
7
What is the millions digit of 877012242?
7
What is the units digit of 3416125498?
8
What is the ten millions digit of 13693602?
1
What is the hundred millions digit of 100557087?
1
What is the units digit of 202004898?
8
What is the units digit of 705257283?
3
What is the hundred millions digit of 143922408?
1
What is the ten thousands digit of 1831628?
3
What is the ten thousands digit of 1673214?
7
What is the ten thousands digit of 3925813531?
1
What is the ten millions digit of 48414107?
4
What is the units digit of 321112670?
0
What is the hundred millions digit of 1106755751?
1
What is the hundred millions digit of 2210465886?
2
What is the thousands digit of 30864105?
4
What is the hundred thousands digit of 1256328570?
3
What is the tens digit of 394853579?
7
What is the hundreds digit of 77446552?
5
What is the ten millions digit of 481910461?
8
What is the millions digit of 21920710?
1
What is the ten thousands digit of 237673139?
7
What is the millions digit of 24067293?
4
What is the millions digit of 37105816?
7
What is the hundreds digit of 166587130?
1
What is the millions digit of 247338081?
7
What is the ten thousands digit of 6459692737?
9
What is the ten thousands digit of 3548586845?
8
What is the hundreds digit of 815437522?
5
What is the millions digit of 148925462?
8
What is the ten millions digit of 24187117?
2
What is the hundred thousands digit of 5745969?
7
What is the ten thousands digit of 42904399?
0
What is the hundred thousands digit of 769242554?
2
What is the tens digit of 643581813?
1
What is the ten millions digit of 39943551?
3
What is the billions digit of 1961919384?
1
What is the ten thousands digit of 415052467?
5
What is the thousands digit of 108591105?
1
What is the tens digit of 3797058499?
9
What is the millions digit of 10014510?
0
What is the ten thousands digit of 1379335542?
3
What is the ten millions digit 